e
Is 17881 a prime number?
True
Is 9233 a prime number?
False
Is 93799 prime?
False
Is 91451 a prime number?
False
Is 77117 prime?
False
Is 90203 composite?
False
Is 13751 prime?
True
Is 2121511 a composite number?
True
Is 458119 prime?
True
Is 16151 composite?
True
Is 375359 a prime number?
True
Is 283079 a composite number?
False
Is 6661 a prime number?
True
Is 232549 prime?
True
Is 82019 a composite number?
True
Is 466537 prime?
True
Is 36607 prime?
True
Is 135731 composite?
False
Is 4109 a prime number?
False
Is 1135 a composite number?
True
Is 12233 composite?
True
Is 321889 composite?
False
Is 561601 composite?
True
Is 2391 prime?
False
Is 58 a composite number?
True
Is 89801 a composite number?
True
Is 18371 prime?
True
Is 2186747 a composite number?
False
Is 27382 composite?
True
Is 284378 prime?
False
Is 623 a composite number?
True
Is 230371 prime?
False
Is 816511 a prime number?
False
Is 2270297 a composite number?
False
Is 8027 a composite number?
True
Is 2221 prime?
True
Is 531517 a composite number?
True
Is 5903 a prime number?
True
Is 88507 prime?
False
Is 328751 prime?
False
Is 33287 composite?
False
Is 9179 prime?
False
Is 11239 a composite number?
False
Is 89189 composite?
False
Is 37159 a prime number?
True
Is 385261 composite?
False
Is 42857 prime?
False
Is 3377 prime?
False
Is 184409 composite?
False
Is 911719 a prime number?
True
Is 54545 prime?
False
Is 332167 prime?
False
Is 14761 prime?
False
Is 118934 composite?
True
Is 113647 prime?
True
Is 247759 a prime number?
True
Is 1714906 prime?
False
Is 31469 a composite number?
False
Is 3207887 a prime number?
False
Is 5567 a composite number?
True
Is 5601 a composite number?
True
Is 408847 a composite number?
True
Is 34909 a prime number?
False
Is 6863 composite?
False
Is 712531 prime?
True
Is 937511 a composite number?
False
Is 150473 composite?
False
Is 78401 a prime number?
True
Is 106937 a prime number?
True
Is 8161 composite?
False
Is 5509 a composite number?
True
Is 1345621 a prime number?
True
Is 187273 composite?
False
Is 60861 a composite number?
True
Is 36965 composite?
True
Is 218737 a composite number?
False
Is 71339 a prime number?
True
Is 36287 a composite number?
True
Is 262749 a prime number?
False
Is 16183 a composite number?
False
Is 325713 prime?
False
Is 297835 prime?
False
Is 11777 composite?
False
Is 13997 prime?
True
Is 15529 a composite number?
True
Is 118421 a composite number?
True
Is 37649 prime?
True
Is 893 prime?
False
Is 2567039 a prime number?
False
Is 2558 a prime number?
False
Is 1199 prime?
False
Is 1298929 a composite number?
True
Is 292287 prime?
False
Is 42257 a prime number?
True
Is 3389 composite?
False
Is 1024249 composite?
False
Is 6103 a composite number?
True
Is 341837 a composite number?
True
Is 269213 prime?
False
Is 22111 a prime number?
True
Is 236947 composite?
False
Is 196499 prime?
True
Is 3827 a prime number?
False
Is 7737 a prime number?
False
Is 628223 prime?
False
Is 28051 a prime number?
True
Is 372941 a prime number?
True
Is 537733 a composite number?
True
Is 38707 composite?
False
Is 43637 prime?
False
Is 1256935 a composite number?
True
Is 53477 composite?
True
Is 723621 composite?
True
Is 15877 composite?
False
Is 5219 a prime number?
False
Is 87251 prime?
True
Is 11719 composite?
False
Is 502069 a prime number?
False
Is 373 prime?
True
Is 117953 composite?
True
Is 38987 prime?
False
Is 975017 composite?
False
Is 2374 a prime number?
False
Is 773323 composite?
True
Is 625033 prime?
True
Is 17219 prime?
False
Is 29263 a prime number?
False
Is 13123 composite?
True
Is 186227 a composite number?
False
Is 2521 composite?
False
Is 12143 composite?
False
Is 2111 prime?
True
Is 875117 a composite number?
False
Is 140797 a prime number?
True
Is 8441 a prime number?
False
Is 770485 prime?
False
Is 1250633 a prime number?
False
Is 940399 prime?
True
Is 240433 a composite number?
False
Is 26153 a prime number?
True
Is 61861 a prime number?
True
Is 8497 a composite number?
True
Is 1497167 composite?
True
Is 6911 a composite number?
False
Is 79334 a prime number?
False
Is 6779 a prime number?
True
Is 133219 prime?
False
Is 853705 a composite number?
True
Is 92269 prime?
True
Is 4699 prime?
False
Is 183035 a prime number?
False
Is 130883 composite?
True
Is 13379 prime?
False
Is 372209 prime?
False
Is 40735 a composite number?
True
Is 379 a composite number?
False
Is 474901 prime?
False
Is 47609 a prime number?
True
Is 109713 composite?
True
Is 79583 a prime number?
False
Is 54799 a composite number?
False
Is 21479 a prime number?
False
Is 19289 a composite number?
False
Is 65201 a composite number?
True
Is 277097 a composite number?
False
Is 16871 a prime number?
True
Is 109231 a composite number?
True
Is 2581 composite?
True
Is 552193 prime?
True
Is 9577 prime?
False
Is 729815 a composite number?
True
Is 924953 prime?
False
Is 43843 prime?
False
Is 23227 a composite number?
False
Is 8497 prime?
False
Is 3020869 composite?
False
Is 3683 composite?
True
Is 25409 a composite number?
False
Is 29383 composite?
False
Is 76421 composite?
False
Is 158755 composite?
True
Is 14761 a composite number?
True
Is 2479963 composite?
False
Is 4861 prime?
True
Is 653603 a composite number?
True
Is 269641 a composite number?
False
Is 1707577 composite?
False
Is 46105 prime?
False
Is 2012759 composite?
True
Is 55679 a prime number?
False
Is 10487 a prime number?
True
Is 4783 a composite number?
False
Is 48179 composite?
False
Is 5903 prime?
True
Is 17519 prime?
True
Is 265313 prime?
True
Is 12197 a prime number?
True
Is 217489 composite?
False
Is 526133 a composite number?
True
Is 72763 composite?
False
Is 251 prime?
True
Is 3746341 a composite number?
True
Is 18169 composite?
False
Is 42611 prime?
True
Is 21713 composite?
False
Is 438569 composite?
False
Is 3791 a prime number?
False
Is 105837 composite?
True
Is 23809 a prime number?
False
Is 1080067 a prime number?
False
Is 60443 composite?
False
Is 3793 a prime number?
True
Is 133099 a prime number?
False
Is 185047 prime?
False
Is 49301 composite?
True
Is 30643 a composite number?
False
Is 2965 prime?
False
Is 113431 a composite number?
True
Is 93169 prime?
True
Is 79837 a prime number?
False
Is 13466 a prime number?
False
Is 294241 a composite number?
False
Is 1518213 a prime number?
False
Is 6937 composite?
True
Is 87077 a composite number?
True
Is 142151 prime?
True
Is 47623 a prime number?
True
Is 449749 prime?
False
Is 52322 a prime number?
False
Is 9811 prime?
True
Is 16301 prime?
True
Is 76091 a prime number?
True
Is 100279 prime?
True
Is 2719 a composite number?
False
Is 6271 prime?
True
Is 8407 composite?
True
Is 12659 a prime number?
True
Is 21621 prime?
False
Is 53167 prime?
False
Is 158965 a prime number?
False
Is 4393 prime?
False
Is 114689 a composite number?
False
Is 114713 a composite number?
False
Is 370893 a composite number?
True
Is 3168959 a prime number?
True
Is 897407 a composite number?
True
Is 27679 prime?
False
Is 7789 prime?
True
Is 70697 a composite number?
True
Is 76339 prime?
False
Is 1477 a composite number?
True
Is 40399 a prime number?
False
Is 126001 a prime number?
True
Is 95579 a composite number?
True
Is 1685681 prime?
True
Is 5539 a prime number?
False
Is 11029 a composite number?
True
Is 16949 a prime number?
False
Is 161201 prime?
True
Is 154663 a composite number?
True
Is 1799 composite?
True
Is 111913 composite?
False
Is 892189 composite?
False
Is 1223749 composite?
False
Is 25967 a prime number?
False
Is 86737 prime?
False
Is 31957 prime?
True
Is 1423 prime?
True
Is 450707 a prime number?
True
Is 10133 a composite number?
False
Is 327401 composite?
False
Is 3989 a composite number?
False
Is 104523 a prime number?
False
Is 270293 a prime number?
False
Is 8053 prime?
True
Is 22361 prime?
False
Is 13639 a composite number?
True
Is 5053 prime?
False
Is 64247 prime?
False
Is 17467 a composite number?
False
Is 4127 prime?
True
Is 884881 composite?
False
Is 3855757 a prime number?
True
Is 72073 prime?
True
Is 13751 composite?
False
Is 77087 a composite number?
True
Is 419 prime?
True
Is 160135 composite?
True
Is 113653 prime?
False
Is 114991 a prime number?
False
Is 161009 a composite number?
False
Is 166111 composite?
True
Is 99961 composite?
False
Is 202